10 - -1131?
-12213
In base 2, what is 101111110 + 101000?
110100110
In base 15, what is -22e33 + 2?
-22e31
In base 5, what is -232 - -10101?
4314
In base 8, what is -1 - -212164?
212163
In base 4, what is 10 + 203102?
203112
In base 7, what is -6320 - -4251?
-2036
In base 5, what is 1 + 10102230?
10102231
In base 13, what is 2a86b + 1?
2a86c
In base 2, what is 101000 - 1000001111100?
-1000001010100
In base 8, what is -2156324 + 5?
-2156317
In base 2, what is 110 + 111111111?
1000000101
In base 15, what is -3 + 1573?
1570
In base 13, what is bc4a + 3?
bc50
In base 2, what is -100010101011 + 101?
-100010100110
In base 11, what is -4 + 18508?
18504
In base 13, what is a201 - 71?
a160
In base 11, what is 3 - -1a19a9?
1a1a01
In base 4, what is -30 - -1232?
1202
In base 13, what is -18bb5 - -5?
-18bb0
In base 5, what is -141 - 3434?
-4130
In base 3, what is 11 - -210221220?
210222001
In base 11, what is -15 + -14741?
-14756
In base 5, what is -10 + -2003144?
-2003204
In base 11, what is 31 + 6a0?
721
In base 10, what is -3046 - 2?
-3048
In base 15, what is -6 - -92ee?
92e8
In base 13, what is 1 - 11c67?
-11c66
In base 11, what is 26 + -4320?
-42a5
In base 12, what is 0 + 137a7?
137a7
In base 8, what is 76 - 10373?
-10275
In base 6, what is 0 - 20415133?
-20415133
In base 3, what is -10101122100021 + 10?
-10101122100011
In base 2, what is 101010111111 + -11?
101010111100
In base 15, what is 18 - 545?
-52c
In base 8, what is -41175 + -7?
-41204
In base 11, what is 155886 - 4?
155882
In base 4, what is 32 + -122222120?
-122222022
In base 16, what is 967 - 24d?
71a
In base 7, what is -6024510 + -2?
-6024512
In base 4, what is -1122323 - -11?
-1122312
In base 12, what is -1190632 + -2?
-1190634
In base 11, what is -549 + -1?
-54a
In base 9, what is 146 - 1352?
-1205
In base 6, what is 435335 - 10?
435325
In base 9, what is -15 + -1474?
-1500
In base 3, what is 12 - -211022201222?
211022202011
In base 12, what is -9 + -3bbb?
-4008
In base 7, what is 325 - -3242?
3600
In base 12, what is 1a4 + -472?
-28a
In base 12, what is 128 - 15?
113
In base 10, what is -37482 + -1?
-37483
In base 11, what is -9 - 21250?
-21259
In base 12, what is -75192 - -6?
-75188
In base 3, what is 111101011 + 2?
111101020
In base 14, what is -1 - dbd?
-dc0
In base 14, what is d - 23772?
-23763
In base 16, what is 2 + -13b90?
-13b8e
In base 8, what is -25 + 2216?
2171
In base 11, what is -121 + -65?
-186
In base 5, what is 3343 + -422?
2421
In base 4, what is -1121 + 11101?
3320
In base 13, what is -118c1a + 2?
-118c18
In base 6, what is -12125 - -215?
-11510
In base 13, what is -4 + -3b08c0?
-3b08c4
In base 16, what is -97206 - -5?
-97201
In base 8, what is -5 - 4171143?
-4171150
In base 8, what is -4 - 540401?
-540405
In base 6, what is -403352 + -124?
-403520
In base 15, what is 5 - 7b839?
-7b834
In base 8, what is -337702 - -11?
-337671
In base 8, what is 13 + -321?
-306
In base 14, what is c22 + -261?
9a1
In base 2, what is -1110011010011001110 + 111?
-1110011010011000111
In base 11, what is 19 + -1262a?
-12611
In base 11, what is 6323 - 2?
6321
In base 11, what is -243 + 152?
-a1
In base 8, what is -2370130 - 1?
-2370131
In base 7, what is -11456 + 2531?
-5625
In base 3, what is -10 - -1122102022102?
1122102022022
In base 10, what is -38 + -32447?
-32485
In base 7, what is -201531 - -16?
-201512
In base 7, what is 116166 + -13?
116153
In base 16, what is -31b + 24?
-2f7
In base 13, what is -18559 - 23?
-1857c
In base 16, what is 39d1 - 0?
39d1
In base 5, what is -400234 - 4?
-400243
In base 15, what is -421 - c53?
-1174
In base 9, what is -40004 - 0?
-40004
In base 12, what is 90 - -2a45?
2b15
In base 4, what is -10100122 + 113?
-10100003
In base 15, what is d4 + -1dc?
-108
In base 13, what is 2cc4 + -1?
2cc3
In base 12, what is 9626 - 5?
9621
In base 8, what is 45304 - 4?
45300
In base 4, what is -10233232 + -12?
-10233310
In base 14, what is 1558 + -5b?
14db
In base 16, what is 4783 + 2?
4785
In base 3, what is 202 - 21210100?
-21202121
In base 13, what is -75 + 335?
290
In base 15, what is -5b - -1625?
15b9
In base 10, what is -269272 - -3?
-269269
In base 4, what is -210211 + -2001?
-212212
In base 6, what is -3 + 252034?
252031
In base 12, what is 190 + -13b?
51
In base 2, what is 101001100000011111 - 10111?
101001100000001000
In base 9, what is 85813 + 2?
85815
In base 15, what is 3b + -138b?
-1350
In base 7, what is 31600 + 4?
31604
In base 7, what is -10 - -62260?
62250
In base 9, what is 1058874 + 1?
1058875
In base 16, what is 1 - -3af01?
3af02
In base 16, what is -2c + 8558?
852c
In base 14, what is -4 + -1b4d7?
-1b4db
In base 9, what is 2127 + 407?
2535
In base 6, what is -2 + 221241?
221235
In base 2, what is 110011000110 + 11001100?
110110010010
In base 7, what is -3 - -6626?
6623
In base 10, what is -43 - -42440?
42397
In base 15, what is -1754 + -54?
-17a8
In base 5, what is 4 + 4341032?
4341041
In base 14, what is 83dd + -8?
83d5
In base 5, what is -2041 - -24240?
22144
In base 15, what is -11d20 - -4?
-11d1b
In base 16, what is 4 + -24b1?
-24ad
In base 5, what is -1201 + -34134?
-40340
In base 5, what is -10 - -1102331?
1102321
In base 2, what is -11 + -1010001010011100?
-1010001010011111
In base 8, what is 6 - 7765?
-7757
In base 12, what is 19 - -3b7a8?
3b805
In base 10, what is -828 + 181?
-647
In base 13, what is -1204 + 2?
-1202
In base 10, what is 2 + -2282?
-2280
In base 7, what is 105005 + 2?
105010
In base 4, what is -11033 - -211001?
133302
In base 14, what is 22 - 16b76?
-16b54
In base 11, what is 14 - 5630?
-5617
In base 2, what is 101111110 + -1010010?
100101100
In base 13, what is -996 + 43?
-953
In base 8, what is -2620304 - -4?
-2620300
In base 12, what is 1b4 + -73?
141
In base 14, what is -18c84 - -4?
-18c80
In base 16, what is 32 - -459?
48b
In base 14, what is -8 + 93c6c?
93c64
In base 15, what is a - -7c01?
7c0b
In base 12, what is -25 + a04?
99b
In base 3, what is -22211 - 1001011?
-1100222
In base 12, what is 1a154 + -3?
1a151
In base 16, what is -1 - -10f?
10e
In base 16, what is -48f + -b95?
-1024
In base 9, what is -435260 - -5?
-435254
In base 8, what is -641204 + 3?
-641201
In base 3, what is -2120200220021 - 10?
-2120200220101
In base 6, what is 13 + 12214?
12231
In base 7, what is 542303 + 3?
542306
In base 14, what is -d4a47 + -2?
-d4a49
In base 9, what is 438877 + -1?
438876
In base 6, what is 5 - -13050132?
13050141
In base 5, what is 1033020224 + 4?
1033020233
In base 12, what is -5 + 6a73?
6a6a
In base 4, what is 31100110 - 111?
31033333
In base 3, what is -1 - 101202112?
-101202120
In base 8, what is 107 - -1013?
1122
In base 15, what is 171be - 1?
171bd
In base 4, what is 1131121323 + -2?
1131121321
In base 9, what is 751 - -27?
778
In base 12, what is -838 + 1424?
7a8
In base 3, what is -11 - -12210101120?
12210101102
In base 3, what is -222210120 + 120?
-222210000
In base 10, what is -2 + 32385?
32383
In base 5, what is -1144 - 10132?
-11331
In base 16, what is -e - -4b0?
4a2
In base 12, what is 2325b7 + 5?
232600
In base 6, what is 21 + -2505?
-2444
In base 2, what is -10 + -100101100010?
-100101100100
In base 12, what is -34 - -a9?
75
In base 9, what is -63640 - -51?
-63578
In base 2, what is -10001010 - -10011010?
10000
In base 15, what is 1ae24 - -4?
1ae28
In base 15, what is -2 + 5656?
5654
In base 6, what is 21440 + 33?
21513
In base 6, what is -431 - 1133?
-2004
In base 2, what is -110110100000101 + -1011?
-110110100010000
In base 16, what is 1dc9 + -7?
1dc2
In base 12, what is -17806 - 2?
-17808
In base 11, what is 7866 - 17?
784a
In base 8, what is -170601 - 3?
-170604
In base 2, what is -101100000 + -11?
-101100011
In base 9, what is 225752 - 0?
225752
In base 13, what is -222 + 566?
344
In base 14, what is -1 - 2ca73?
-2ca74
In base 16, what is 4 + 1a341?
1a345
In base 16, what is 34 + -9fdf?
-9fab
In base 15, what is -71d2 - -40?
-7192
In base 10, what is 124244 + 4?
124248
In base 11, what is -3 - 10920a?
-109212
In base 14, what is 5cd - a?
5c3
In base 3, what is 22122 + -2112001?
-2012102
In base 13, what is 1 + 13831c?
138320
In base 14, what is -2 - -12c68?
12c66
In base 5, what is -11004 - -2210?
-3244
In base 13, what is -3 + -1860?
-1863
In base 8, what is 1 - 21521?
-21520
In base 11, what is 4